{"id":195,"date":"2015-10-26T13:10:58","date_gmt":"2015-10-26T13:10:58","guid":{"rendered":"http:\/\/test.kriesi.at\/product-signup\/?page_id=2"},"modified":"2026-01-20T09:43:13","modified_gmt":"2026-01-20T09:43:13","slug":"home","status":"publish","type":"page","link":"https:\/\/pg-group.org\/","title":{"rendered":"Home"},"content":{"rendered":"\n<style type=\"text\/css\" data-created_by=\"avia_inline_auto\" id=\"style-css-av-ck92z7-a9f5f6caf3dc4e0c5405ea372cb9e1a7\">\n.avia-section.av-ck92z7-a9f5f6caf3dc4e0c5405ea372cb9e1a7{\nz-index:1;\nposition:relative;\n}\n.av-curtain-footer.av-curtain-activated #main .avia-section.av-ck92z7-a9f5f6caf3dc4e0c5405ea372cb9e1a7{\nz-index:1;\n}\n.avia-section.av-ck92z7-a9f5f6caf3dc4e0c5405ea372cb9e1a7 .av-parallax .av-parallax-inner{\nbackground-repeat:no-repeat;\nbackground-image:url(https:\/\/pg-group.org\/wp-content\/uploads\/2025\/08\/PG-Group-home.jpg);\nbackground-position:50% 50%;\nbackground-attachment:scroll;\n}\n<\/style>\n<div id='sign-up'  class='avia-section av-ck92z7-a9f5f6caf3dc4e0c5405ea372cb9e1a7 main_color avia-section-default avia-no-shadow  avia-builder-el-0  el_before_av_section  avia-builder-el-first  avia-full-stretch av-parallax-section avia-bg-style-parallax av-custom-positioned av-minimum-height av-minimum-height-50 av-height-50  container_wrap fullsize'  data-section-bg-repeat='stretch' data-av_minimum_height_pc='50' data-av_min_height_opt='50'><div class='av-parallax' data-avia-parallax-ratio='0.3' ><div class='av-parallax-inner main_color avia-full-stretch'><\/div><\/div><div class=\"av-section-color-overlay-wrap\"><a href='#next-section' title='' class='scroll-down-link  avia-svg-icon avia-font-svg_entypo-fontello' data-av_svg_icon='down-open-mini' data-av_iconset='svg_entypo-fontello'><svg version=\"1.1\" xmlns=\"http:\/\/www.w3.org\/2000\/svg\" width=\"15\" height=\"32\" viewBox=\"0 0 15 32\" preserveAspectRatio=\"xMidYMid meet\" aria-labelledby='av-svg-title-1' aria-describedby='av-svg-desc-1' role=\"graphics-symbol\" aria-hidden=\"true\">\n<title id='av-svg-title-1'>Scroll to next section<\/title>\n<desc id='av-svg-desc-1'>Scroll to next section<\/desc>\n<path d=\"M12.96 12.16q0.704-0.832 1.536 0 0.832 0.704 0 1.536l-6.272 6.144q-0.704 0.704-1.536 0l-6.272-6.144q-0.832-0.832 0-1.536 0.768-0.768 1.6 0l5.44 4.992z\"><\/path>\n<\/svg><\/a><div class='container av-section-cont-open' ><main  role=\"main\" itemprop=\"mainContentOfPage\"  class='template-page content  av-content-full alpha units'><div class='post-entry post-entry-type-page post-entry-195'><div class='entry-content-wrapper clearfix'>\n<div  class='flex_column av-db98j-7d0d442c8fe42d84a027a1e35ba15583 av_one_fifth  avia-builder-el-1  el_before_av_one_fifth  avia-builder-el-first  first flex_column_div  '     ><\/div><div  class='flex_column av-29lv9n-027e96343a5feb6a2cb7e30588b4d5a1 av_one_fifth  avia-builder-el-2  el_after_av_one_fifth  el_before_av_one_fifth  flex_column_div  '     ><\/div>\n<style type=\"text\/css\" data-created_by=\"avia_inline_auto\" id=\"style-css-av-can0n7-116992dad3f8bf6901588015dab339fb\">\n.flex_column.av-can0n7-116992dad3f8bf6901588015dab339fb{\nborder-radius:0px 0px 0px 0px;\npadding:0px 0px 0px 0px;\n}\n.avia_transform .flex_column.av-can0n7-116992dad3f8bf6901588015dab339fb{\nanimation-duration:5s;\n}\n<\/style>\n<div  class='flex_column av-can0n7-116992dad3f8bf6901588015dab339fb av_one_fifth  avia-builder-el-3  el_after_av_one_fifth  el_before_av_one_fifth  flex_column_div av-animated-generic top-to-bottom av-zero-column-padding  '     ><style type=\"text\/css\" data-created_by=\"avia_inline_auto\" id=\"style-css-av-c7qldv-3ca8fdcb67a7c679ed055c53d81f6173\">\n.avia-image-container.av-c7qldv-3ca8fdcb67a7c679ed055c53d81f6173 img.avia_image{\nbox-shadow:none;\n}\n.avia-image-container.av-c7qldv-3ca8fdcb67a7c679ed055c53d81f6173 .av-image-caption-overlay-center{\ncolor:#ffffff;\n}\n<\/style>\n<div  class='avia-image-container av-c7qldv-3ca8fdcb67a7c679ed055c53d81f6173 av-styling-no-styling avia-align-center  avia-builder-el-4  avia-builder-el-no-sibling '   itemprop=\"image\" itemscope=\"itemscope\" itemtype=\"https:\/\/schema.org\/ImageObject\" ><div class=\"avia-image-container-inner\"><div class=\"avia-image-overlay-wrap\"><img decoding=\"async\" fetchpriority=\"high\" class='wp-image-199 avia-img-lazy-loading-not-199 avia_image ' src=\"https:\/\/pg-group.org\/wp-content\/uploads\/2025\/08\/Logo.jpg\" alt='' title='PG-Group'  height=\"981\" width=\"652\"  itemprop=\"thumbnailUrl\" srcset=\"https:\/\/pg-group.org\/wp-content\/uploads\/2025\/08\/Logo.jpg 652w, https:\/\/pg-group.org\/wp-content\/uploads\/2025\/08\/Logo-199x300.jpg 199w, https:\/\/pg-group.org\/wp-content\/uploads\/2025\/08\/Logo-469x705.jpg 469w\" sizes=\"(max-width: 652px) 100vw, 652px\" \/><\/div><\/div><\/div><\/div><div  class='flex_column av-1687n-4e329b7d5294957984dc0dc8a13939a6 av_one_fifth  avia-builder-el-5  el_after_av_one_fifth  el_before_av_one_fifth  flex_column_div  '     ><\/div><div  class='flex_column av-233k2z-352cc57da01783c762a095ca87d747f1 av_one_fifth  avia-builder-el-6  el_after_av_one_fifth  avia-builder-el-last  flex_column_div  '     ><\/div>\n\n<\/div><\/div><\/main><!-- close content main element --><\/div><\/div><\/div>\n<style type=\"text\/css\" data-created_by=\"avia_inline_auto\" id=\"style-css-av-87hdd7-80a832495af7f9059a44c83e69a644ee\">\n.avia-section.av-87hdd7-80a832495af7f9059a44c83e69a644ee{\nz-index:2;\nposition:relative;\n}\n.av-curtain-footer.av-curtain-activated #main .avia-section.av-87hdd7-80a832495af7f9059a44c83e69a644ee{\nz-index:2;\n}\n.avia-section.av-87hdd7-80a832495af7f9059a44c83e69a644ee .av-extra-border-element .av-extra-border-inner{\nbackground-color:#fcfcfc;\n}\n<\/style>\n<div id='customers'  class='avia-section av-87hdd7-80a832495af7f9059a44c83e69a644ee alternate_color avia-section-default avia-no-border-styling  avia-builder-el-7  el_after_av_section  el_before_av_section  avia-bg-style-scroll av-custom-positioned av-arrow-down-section container_wrap fullsize'  ><div class='container av-section-cont-open' ><div class='template-page content  av-content-full alpha units'><div class='post-entry post-entry-type-page post-entry-195'><div class='entry-content-wrapper clearfix'>\n\n<style type=\"text\/css\" data-created_by=\"avia_inline_auto\" id=\"style-css-av-7yp6nf-4b90ae8ec10ffb05347b1c1bc0c00e81\">\n#top .av-special-heading.av-7yp6nf-4b90ae8ec10ffb05347b1c1bc0c00e81{\npadding-bottom:0;\nfont-size:35px;\n}\nbody .av-special-heading.av-7yp6nf-4b90ae8ec10ffb05347b1c1bc0c00e81 .av-special-heading-tag .heading-char{\nfont-size:25px;\n}\n#top #wrap_all .av-special-heading.av-7yp6nf-4b90ae8ec10ffb05347b1c1bc0c00e81 .av-special-heading-tag{\nfont-size:35px;\n}\n.av-special-heading.av-7yp6nf-4b90ae8ec10ffb05347b1c1bc0c00e81 .av-subheading{\nfont-size:15px;\n}\n\n@media only screen and (min-width: 480px) and (max-width: 767px){ \n#top #wrap_all .av-special-heading.av-7yp6nf-4b90ae8ec10ffb05347b1c1bc0c00e81 .av-special-heading-tag{\nfont-size:0.8em;\n}\n}\n\n@media only screen and (max-width: 479px){ \n#top #wrap_all .av-special-heading.av-7yp6nf-4b90ae8ec10ffb05347b1c1bc0c00e81 .av-special-heading-tag{\nfont-size:0.8em;\n}\n}\n<\/style>\n<div  class='av-special-heading av-7yp6nf-4b90ae8ec10ffb05347b1c1bc0c00e81 av-special-heading-h1 blockquote modern-quote modern-centered  avia-builder-el-8  el_before_av_textblock  avia-builder-el-first  av-inherit-size'><h1 class='av-special-heading-tag '  itemprop=\"headline\"  >Ihr zuverl\u00e4ssiger Partner f\u00fcr Holzpaletten, Eisenboxen und gebrauchte Maschinen <\/h1><div class='av-subheading av-subheading_below'><p>\u2013 mit Sitz in Leipzig \u2013<\/p>\n<\/div><div class=\"special-heading-border\"><div class=\"special-heading-inner-border\"><\/div><\/div><\/div>\n<section  class='av_textblock_section av-meyh69kw-34be021e8bb9201dabce6de83d4c6f9a '   itemscope=\"itemscope\" itemtype=\"https:\/\/schema.org\/CreativeWork\" ><div class='avia_textblock'  itemprop=\"text\" ><p style=\"text-align: center;\">Die PG-Group ist Ihr kompetenter Ansprechpartner im Bereich Handel mit Holzpaletten, Eisenboxen und gebrauchten Maschinen, sowie auf Grund exzellenten Beziehungen seit geraumer Zeit mit Softgetr\u00e4nken. Wir stehen f\u00fcr Qualit\u00e4t, Flexibilit\u00e4t und faire Preise \u2013 seit unserer Gr\u00fcndung beliefern wir Industrie, Handel und Logistikunternehmen in ganz Deutschland und dar\u00fcber hinaus<\/p>\n<\/div><\/section>\n<\/div><\/div><\/div><!-- close content main div --><\/div><div class='av-extra-border-element border-extra-arrow-down'><div class='av-extra-border-outer'><div class='av-extra-border-inner'><\/div><\/div><\/div><\/div>\n<style type=\"text\/css\" data-created_by=\"avia_inline_auto\" id=\"style-css-av-meyhy069-f3f304ff12f9e2f1b69939d36c87c716\">\n.avia-section.av-meyhy069-f3f304ff12f9e2f1b69939d36c87c716{\nz-index:3;\nposition:relative;\n}\n.av-curtain-footer.av-curtain-activated #main .avia-section.av-meyhy069-f3f304ff12f9e2f1b69939d36c87c716{\nz-index:3;\n}\n.avia-section.av-meyhy069-f3f304ff12f9e2f1b69939d36c87c716 .av-extra-border-element .av-extra-border-inner{\nbackground-color:#fcfcfc;\n}\n<\/style>\n<div id='customers'  class='avia-section av-meyhy069-f3f304ff12f9e2f1b69939d36c87c716 alternate_color avia-section-small avia-no-border-styling  avia-builder-el-10  el_after_av_section  el_before_av_section  avia-bg-style-scroll av-custom-positioned av-arrow-down-section container_wrap fullsize'  ><div class='container av-section-cont-open' ><div class='template-page content  av-content-full alpha units'><div class='post-entry post-entry-type-page post-entry-195'><div class='entry-content-wrapper clearfix'>\n\n<style type=\"text\/css\" data-created_by=\"avia_inline_auto\" id=\"style-css-av-meyhzflt-cde2796053c1f2c31ac803ee2d0c7a60\">\n#top .av-special-heading.av-meyhzflt-cde2796053c1f2c31ac803ee2d0c7a60{\nmargin:0 0 0 0;\npadding-bottom:30px;\nfont-size:35px;\n}\nbody .av-special-heading.av-meyhzflt-cde2796053c1f2c31ac803ee2d0c7a60 .av-special-heading-tag .heading-char{\nfont-size:25px;\n}\n#top #wrap_all .av-special-heading.av-meyhzflt-cde2796053c1f2c31ac803ee2d0c7a60 .av-special-heading-tag{\nfont-size:35px;\npadding:30px 30px 30px 30px;\n}\n.av-special-heading.av-meyhzflt-cde2796053c1f2c31ac803ee2d0c7a60 .av-subheading{\nfont-size:15px;\n}\n\n@media only screen and (min-width: 480px) and (max-width: 767px){ \n#top #wrap_all .av-special-heading.av-meyhzflt-cde2796053c1f2c31ac803ee2d0c7a60 .av-special-heading-tag{\nfont-size:0.8em;\n}\n}\n\n@media only screen and (max-width: 479px){ \n#top #wrap_all .av-special-heading.av-meyhzflt-cde2796053c1f2c31ac803ee2d0c7a60 .av-special-heading-tag{\nfont-size:0.8em;\n}\n}\n<\/style>\n<div  class='av-special-heading av-meyhzflt-cde2796053c1f2c31ac803ee2d0c7a60 av-special-heading-h2 blockquote modern-quote modern-centered  avia-builder-el-11  el_before_av_one_fourth  avia-builder-el-first  av-inherit-size'><h2 class='av-special-heading-tag '  itemprop=\"headline\"  >Unsere Leistungen auf einen Blick<\/h2><div class=\"special-heading-border\"><div class=\"special-heading-inner-border\"><\/div><\/div><\/div>\n\n<style type=\"text\/css\" data-created_by=\"avia_inline_auto\" id=\"style-css-av-1vmpub-0bfb2c2bb3d5cba5bcf8933394946872\">\n.flex_column.av-1vmpub-0bfb2c2bb3d5cba5bcf8933394946872{\nborder-radius:0px 0px 0px 0px;\npadding:0px 0px 0px 0px;\n}\n<\/style>\n<div  class='flex_column av-1vmpub-0bfb2c2bb3d5cba5bcf8933394946872 av_one_fourth  avia-builder-el-12  el_after_av_heading  el_before_av_one_fourth  first flex_column_div av-animated-generic pop-up av-zero-column-padding  '     ><p>\n<style type=\"text\/css\" data-created_by=\"avia_inline_auto\" id=\"style-css-av-1ohikz-f2ce3bfc220acfcdb489bd144c00c706\">\n#top .av-special-heading.av-1ohikz-f2ce3bfc220acfcdb489bd144c00c706{\npadding-bottom:10px;\n}\nbody .av-special-heading.av-1ohikz-f2ce3bfc220acfcdb489bd144c00c706 .av-special-heading-tag .heading-char{\nfont-size:25px;\n}\n.av-special-heading.av-1ohikz-f2ce3bfc220acfcdb489bd144c00c706 .av-subheading{\nfont-size:15px;\n}\n<\/style>\n<div  class='av-special-heading av-1ohikz-f2ce3bfc220acfcdb489bd144c00c706 av-special-heading-h3 blockquote modern-quote  avia-builder-el-13  el_before_av_textblock  avia-builder-el-first '><h3 class='av-special-heading-tag '  itemprop=\"headline\"  >\u2714 Holzpaletten<\/h3><div class=\"special-heading-border\"><div class=\"special-heading-inner-border\"><\/div><\/div><\/div><br \/>\n\n<style type=\"text\/css\" data-created_by=\"avia_inline_auto\" id=\"style-css-av-1koihf-606026f48c2364387fb98d0dff32b8f1\">\n#top .av_textblock_section.av-1koihf-606026f48c2364387fb98d0dff32b8f1 .avia_textblock{\nfont-size:14px;\n}\n<\/style>\n<section  class='av_textblock_section av-1koihf-606026f48c2364387fb98d0dff32b8f1 '   itemscope=\"itemscope\" itemtype=\"https:\/\/schema.org\/CreativeWork\" ><div class='avia_textblock'  itemprop=\"text\" ><p data-start=\"785\" data-end=\"1002\">Wir handeln mit standardisierten sowie individuell gefertigten &#8211; neuen und gebrauchten &#8211; <strong data-start=\"848\" data-end=\"864\">Europaletten<\/strong>, <strong data-start=\"866\" data-end=\"884\">Einwegpaletten<\/strong>, <strong data-start=\"886\" data-end=\"904\">Chemiepaletten<\/strong> und <strong data-start=\"909\" data-end=\"927\">Sonderpaletten<\/strong>. Ob neu oder gebraucht oder aufbereitet, wir liefern zuverl\u00e4ssig und in gepr\u00fcfter Qualit\u00e4t.<\/p>\n<\/div><\/section><\/p><\/div>\n<style type=\"text\/css\" data-created_by=\"avia_inline_auto\" id=\"style-css-av-1dtk1v-65b59b9a5a4bd8727cbaef311cbf7958\">\n.flex_column.av-1dtk1v-65b59b9a5a4bd8727cbaef311cbf7958{\nborder-radius:0px 0px 0px 0px;\npadding:0px 0px 0px 0px;\n}\n<\/style>\n<div  class='flex_column av-1dtk1v-65b59b9a5a4bd8727cbaef311cbf7958 av_one_fourth  avia-builder-el-15  el_after_av_one_fourth  el_before_av_one_fourth  flex_column_div av-animated-generic pop-up av-zero-column-padding  '     ><p>\n<style type=\"text\/css\" data-created_by=\"avia_inline_auto\" id=\"style-css-av-185ykr-cfd456e1d648499e7f1f7ca6f9e73488\">\n#top .av-special-heading.av-185ykr-cfd456e1d648499e7f1f7ca6f9e73488{\npadding-bottom:10px;\n}\nbody .av-special-heading.av-185ykr-cfd456e1d648499e7f1f7ca6f9e73488 .av-special-heading-tag .heading-char{\nfont-size:25px;\n}\n.av-special-heading.av-185ykr-cfd456e1d648499e7f1f7ca6f9e73488 .av-subheading{\nfont-size:15px;\n}\n<\/style>\n<div  class='av-special-heading av-185ykr-cfd456e1d648499e7f1f7ca6f9e73488 av-special-heading-h3 blockquote modern-quote  avia-builder-el-16  el_before_av_textblock  avia-builder-el-first '><h3 class='av-special-heading-tag '  itemprop=\"headline\"  >\u2714 Eisenboxen <span class='special_amp'>&amp;<\/span> Gitterboxen<\/h3><div class=\"special-heading-border\"><div class=\"special-heading-inner-border\"><\/div><\/div><\/div><br \/>\n\n<style type=\"text\/css\" data-created_by=\"avia_inline_auto\" id=\"style-css-av-10rhzf-6a741645078e847b4dbde30ab39569c2\">\n#top .av_textblock_section.av-10rhzf-6a741645078e847b4dbde30ab39569c2 .avia_textblock{\nfont-size:14px;\n}\n<\/style>\n<section  class='av_textblock_section av-10rhzf-6a741645078e847b4dbde30ab39569c2 '   itemscope=\"itemscope\" itemtype=\"https:\/\/schema.org\/CreativeWork\" ><div class='avia_textblock'  itemprop=\"text\" ><p data-start=\"785\" data-end=\"1002\">Robust, langlebig und vielseitig einsetzbar: Unsere <strong data-start=\"1090\" data-end=\"1123\">Gitterboxen und Eisenbeh\u00e4lter<\/strong> eignen sich ideal f\u00fcr Transport, Lagerung und innerbetrieblichen Materialfluss. Auch hier bieten wir Neuware und gepr\u00fcfte Gebrauchtware zu attraktiven Konditionen.<\/p>\n<\/div><\/section><\/p><\/div>\n<style type=\"text\/css\" data-created_by=\"avia_inline_auto\" id=\"style-css-av-zofcj-c7c622745a76c2f0fce9d4f5207ec78b\">\n.flex_column.av-zofcj-c7c622745a76c2f0fce9d4f5207ec78b{\nborder-radius:0px 0px 0px 0px;\npadding:0px 0px 0px 0px;\n}\n<\/style>\n<div  class='flex_column av-zofcj-c7c622745a76c2f0fce9d4f5207ec78b av_one_fourth  avia-builder-el-18  el_after_av_one_fourth  el_before_av_one_fourth  flex_column_div av-animated-generic pop-up av-zero-column-padding  '     ><p>\n<style type=\"text\/css\" data-created_by=\"avia_inline_auto\" id=\"style-css-av-tdt63-4a066515167807a43a71d2103e985d44\">\n#top .av-special-heading.av-tdt63-4a066515167807a43a71d2103e985d44{\npadding-bottom:10px;\n}\nbody .av-special-heading.av-tdt63-4a066515167807a43a71d2103e985d44 .av-special-heading-tag .heading-char{\nfont-size:25px;\n}\n.av-special-heading.av-tdt63-4a066515167807a43a71d2103e985d44 .av-subheading{\nfont-size:15px;\n}\n<\/style>\n<div  class='av-special-heading av-tdt63-4a066515167807a43a71d2103e985d44 av-special-heading-h3 blockquote modern-quote  avia-builder-el-19  el_before_av_textblock  avia-builder-el-first '><h3 class='av-special-heading-tag '  itemprop=\"headline\"  >\u2714 Gebrauchte Maschinen<\/h3><div class=\"special-heading-border\"><div class=\"special-heading-inner-border\"><\/div><\/div><\/div><br \/>\n\n<style type=\"text\/css\" data-created_by=\"avia_inline_auto\" id=\"style-css-av-kv5tf-b225983d0fdefd3e41620815216c1354\">\n#top .av_textblock_section.av-kv5tf-b225983d0fdefd3e41620815216c1354 .avia_textblock{\nfont-size:14px;\n}\n<\/style>\n<section  class='av_textblock_section av-kv5tf-b225983d0fdefd3e41620815216c1354 '   itemscope=\"itemscope\" itemtype=\"https:\/\/schema.org\/CreativeWork\" ><div class='avia_textblock'  itemprop=\"text\" ><p data-start=\"1319\" data-end=\"1548\">Wir kaufen und verkaufen ausgew\u00e4hlte <strong data-start=\"1356\" data-end=\"1380\">gebrauchte Maschinen<\/strong> f\u00fcr Handwerk, Industrie und Produktion. Ob Metallverarbeitung, Verpackung oder Lagertechnik \u2013 unsere gepr\u00fcften Maschinen sind sofort einsatzbereit und kosteneffizient.<\/p>\n<\/div><\/section><\/p><\/div>\n<style type=\"text\/css\" data-created_by=\"avia_inline_auto\" id=\"style-css-av-av_one_fourth-670651d6383297550ffe0452e9ca5601\">\n.flex_column.av-av_one_fourth-670651d6383297550ffe0452e9ca5601{\nborder-radius:0px 0px 0px 0px;\npadding:0px 0px 0px 0px;\n}\n<\/style>\n<div  class='flex_column av-av_one_fourth-670651d6383297550ffe0452e9ca5601 av_one_fourth  avia-builder-el-21  el_after_av_one_fourth  avia-builder-el-last  flex_column_div av-animated-generic pop-up av-zero-column-padding  '     ><p>\n<style type=\"text\/css\" data-created_by=\"avia_inline_auto\" id=\"style-css-av-mkmehinu-6d8b9da5d49f8d885683a0942cfe4a3c\">\n#top .av-special-heading.av-mkmehinu-6d8b9da5d49f8d885683a0942cfe4a3c{\npadding-bottom:10px;\n}\nbody .av-special-heading.av-mkmehinu-6d8b9da5d49f8d885683a0942cfe4a3c .av-special-heading-tag .heading-char{\nfont-size:25px;\n}\n.av-special-heading.av-mkmehinu-6d8b9da5d49f8d885683a0942cfe4a3c .av-subheading{\nfont-size:15px;\n}\n<\/style>\n<div  class='av-special-heading av-mkmehinu-6d8b9da5d49f8d885683a0942cfe4a3c av-special-heading-h3 blockquote modern-quote  avia-builder-el-22  el_before_av_textblock  avia-builder-el-first '><h3 class='av-special-heading-tag '  itemprop=\"headline\"  >\u2714 Softgetr\u00e4nke<\/h3><div class=\"special-heading-border\"><div class=\"special-heading-inner-border\"><\/div><\/div><\/div><br \/>\n\n<style type=\"text\/css\" data-created_by=\"avia_inline_auto\" id=\"style-css-av-mkmekx86-e0f149ce67ea4096e56920ba49e10c88\">\n#top .av_textblock_section.av-mkmekx86-e0f149ce67ea4096e56920ba49e10c88 .avia_textblock{\nfont-size:14px;\n}\n<\/style>\n<section  class='av_textblock_section av-mkmekx86-e0f149ce67ea4096e56920ba49e10c88 '   itemscope=\"itemscope\" itemtype=\"https:\/\/schema.org\/CreativeWork\" ><div class='avia_textblock'  itemprop=\"text\" ><p data-start=\"1319\" data-end=\"1548\">Wir handeln mit ausgew\u00e4hlten <strong data-start=\"63\" data-end=\"80\">Softgetr\u00e4nken<\/strong> f\u00fcr Gastronomie, Handel und Wiederverk\u00e4ufer. Unser Fokus liegt auf zuverl\u00e4ssiger Verf\u00fcgbarkeit, marktgerechten Preisen und flexiblen Liefermengen. Ob Markenware oder Aktionsposten \u2013 wir sorgen f\u00fcr eine schnelle, unkomplizierte Abwicklung und eine stabile Warenversorgung.<\/p>\n<\/div><\/section><\/p><\/div><\/div><\/div><\/div><!-- close content main div --><\/div><div class='av-extra-border-element border-extra-arrow-down'><div class='av-extra-border-outer'><div class='av-extra-border-inner'><\/div><\/div><\/div><\/div>\n<style type=\"text\/css\" data-created_by=\"avia_inline_auto\" id=\"style-css-av-77stjf-623183462021d1cb7e484bd228726ad6\">\n.avia-section.av-77stjf-623183462021d1cb7e484bd228726ad6{\nz-index:4;\nposition:relative;\n}\n.av-curtain-footer.av-curtain-activated #main .avia-section.av-77stjf-623183462021d1cb7e484bd228726ad6{\nz-index:4;\n}\n.avia-section.av-77stjf-623183462021d1cb7e484bd228726ad6 .av-parallax .av-parallax-inner{\nbackground-repeat:no-repeat;\nbackground-image:url(https:\/\/pg-group.org\/wp-content\/uploads\/2025\/08\/PG-Group-home.jpg);\nbackground-position:50% 50%;\nbackground-attachment:scroll;\n}\n.avia-section.av-77stjf-623183462021d1cb7e484bd228726ad6 .av-section-color-overlay{\nopacity:0.5;\nbackground-color:#576270;\n}\n<\/style>\n<div id='pricing'  class='avia-section av-77stjf-623183462021d1cb7e484bd228726ad6 main_color avia-section-huge avia-no-border-styling  avia-builder-el-24  el_after_av_section  avia-builder-el-last  avia-full-stretch av-parallax-section avia-bg-style-parallax av-section-color-overlay-active av-custom-positioned container_wrap fullsize'  data-section-bg-repeat='stretch'><div class='av-parallax' data-avia-parallax-ratio='0.3' ><div class='av-parallax-inner main_color avia-full-stretch'><\/div><\/div><div class=\"av-section-color-overlay-wrap\"><div class=\"av-section-color-overlay\"><\/div><div class='container av-section-cont-open' ><div class='template-page content  av-content-full alpha units'><div class='post-entry post-entry-type-page post-entry-195'><div class='entry-content-wrapper clearfix'>\n<div  class='flex_column av-g9keb-95c1590ca3bf1b6823c9185b9386a8c1 av_one_fourth  avia-builder-el-25  el_before_av_one_half  avia-builder-el-first  first flex_column_div  '     ><\/div>\n<style type=\"text\/css\" data-created_by=\"avia_inline_auto\" id=\"style-css-av-meyi5m39-e8142b269920150f610eb6750a333f3e\">\n.flex_column.av-meyi5m39-e8142b269920150f610eb6750a333f3e{\nborder-width:3px;\nborder-style:solid;\npadding:20px 20px 20px 20px;\nbackground-color:rgba(112,180,103,0.4);\n}\n.avia_transform .flex_column.av-meyi5m39-e8142b269920150f610eb6750a333f3e{\nanimation-duration:3s;\n}\n<\/style>\n<div  class='flex_column av-meyi5m39-e8142b269920150f610eb6750a333f3e av_one_half  avia-builder-el-26  el_after_av_one_fourth  el_before_av_one_fourth  flex_column_div av-animated-generic fade-in  '     ><style type=\"text\/css\" data-created_by=\"avia_inline_auto\" id=\"style-css-av-meyhte9r-a544d8ba1d98898a67f16ca484518f7a\">\n#top .av_textblock_section.av-meyhte9r-a544d8ba1d98898a67f16ca484518f7a .avia_textblock{\ncolor:#ffffff;\n}\n<\/style>\n<section  class='av_textblock_section av-meyhte9r-a544d8ba1d98898a67f16ca484518f7a '   itemscope=\"itemscope\" itemtype=\"https:\/\/schema.org\/CreativeWork\" ><div class='avia_textblock av_inherit_color'  itemprop=\"text\" ><h3 style=\"text-align: center;\" data-start=\"1915\" data-end=\"1943\"><strong data-start=\"1919\" data-end=\"1943\">Kontaktieren Sie uns<\/strong><\/h3>\n<p style=\"text-align: center;\" data-start=\"1945\" data-end=\"2092\">Sie ben\u00f6tigen Paletten, Gitterboxen oder Maschinen?<br data-start=\"1996\" data-end=\"1999\" \/>Sie m\u00f6chten Ihre gebrauchten Betriebsmittel verkaufen oder suchen eine individuelle L\u00f6sung?<\/p>\n<p style=\"text-align: center;\" data-start=\"2094\" data-end=\"2247\"><strong data-start=\"2094\" data-end=\"2130\">Wir freuen uns auf Ihre Anfrage!<\/strong><br data-start=\"2130\" data-end=\"2133\" \/>\ud83d\udcde Telefon: 0178 &#8211; 42 42 369<br data-start=\"2165\" data-end=\"2168\" \/>\u2709\ufe0f E-Mail: email @ pg-group.org<br data-start=\"2200\" data-end=\"2203\" \/>\ud83d\udccd Standort: Leipzig, Sachsen, Deutschland<\/p>\n<p style=\"text-align: center;\" data-start=\"2094\" data-end=\"2247\">I\u00a0 Impressum\u00a0 I<br \/>\nPG Group GmbH, GF Jan Stephan M\u00fcller<br \/>\nSebastian-Bach-Stra\u00dfe 47, 04109 Leipzig<br \/>\nHRB Hildesheim No. 207762<br \/>\nStNr. 30\/211\/01919<br \/>\nUstID: DE315576899<\/p>\n<\/div><\/section><\/div><div  class='flex_column av-9niyb-253839382d8870383b7618c250cca496 av_one_fourth  avia-builder-el-28  el_after_av_one_half  avia-builder-el-last  flex_column_div  '     ><\/div>\n<\/p>\n","protected":false},"excerpt":{"rendered":"","protected":false},"author":1,"featured_media":199,"parent":0,"menu_order":0,"comment_status":"closed","ping_status":"closed","template":"","meta":{"footnotes":""},"class_list":["post-195","page","type-page","status-publish","has-post-thumbnail","hentry"],"_links":{"self":[{"href":"https:\/\/pg-group.org\/index.php?rest_route=\/wp\/v2\/pages\/195","targetHints":{"allow":["GET"]}}],"collection":[{"href":"https:\/\/pg-group.org\/index.php?rest_route=\/wp\/v2\/pages"}],"about":[{"href":"https:\/\/pg-group.org\/index.php?rest_route=\/wp\/v2\/types\/page"}],"author":[{"embeddable":true,"href":"https:\/\/pg-group.org\/index.php?rest_route=\/wp\/v2\/users\/1"}],"replies":[{"embeddable":true,"href":"https:\/\/pg-group.org\/index.php?rest_route=%2Fwp%2Fv2%2Fcomments&post=195"}],"version-history":[{"count":39,"href":"https:\/\/pg-group.org\/index.php?rest_route=\/wp\/v2\/pages\/195\/revisions"}],"predecessor-version":[{"id":258,"href":"https:\/\/pg-group.org\/index.php?rest_route=\/wp\/v2\/pages\/195\/revisions\/258"}],"wp:featuredmedia":[{"embeddable":true,"href":"https:\/\/pg-group.org\/index.php?rest_route=\/wp\/v2\/media\/199"}],"wp:attachment":[{"href":"https:\/\/pg-group.org\/index.php?rest_route=%2Fwp%2Fv2%2Fmedia&parent=195"}],"curies":[{"name":"wp","href":"https:\/\/api.w.org\/{rel}","templated":true}]}}